4411 a prime number?
True
Is 427403621 a prime number?
True
Is 6918579571 prime?
True
Is 2101774601 composite?
False
Is 13344309731 a prime number?
False
Is 585048899 composite?
False
Is 393451278791 a prime number?
True
Is 9412364293 a composite number?
True
Is 1340233259 a prime number?
True
Is 4822325629 a composite number?
True
Is 13438095501 prime?
False
Is 27720089 composite?
False
Is 379877794 composite?
True
Is 893233519 a composite number?
False
Is 492554401 prime?
True
Is 331861081 prime?
True
Is 4342538129 prime?
True
Is 989327429 composite?
False
Is 30967135391 composite?
False
Is 1455718541 a composite number?
False
Is 133812156811 composite?
False
Is 7588419221 a composite number?
False
Is 19369674821 prime?
False
Is 131586269 a composite number?
False
Is 32279090341 a composite number?
False
Is 45897423314 composite?
True
Is 71666519609 prime?
False
Is 1720366751 prime?
True
Is 91104005417 prime?
True
Is 1439348369 a prime number?
True
Is 1966282687 a composite number?
False
Is 55616747 a prime number?
True
Is 30849857 prime?
True
Is 1025139977 a composite number?
False
Is 9931179301 a composite number?
False
Is 245503193581 composite?
False
Is 8836346059 prime?
True
Is 520382321 composite?
True
Is 20977511785 prime?
False
Is 1045600603 a composite number?
False
Is 1295419759 composite?
False
Is 2571782579 composite?
False
Is 55443459199 a composite number?
True
Is 65940567989 composite?
False
Is 912671971 prime?
False
Is 24209201867 composite?
True
Is 133328155 a prime number?
False
Is 2836406311 composite?
True
Is 2263691363 a composite number?
False
Is 2057111599 a composite number?
False
Is 504225989 a composite number?
False
Is 6346259789 a composite number?
True
Is 145433534133 composite?
True
Is 2070338821 a composite number?
False
Is 1342182661 prime?
True
Is 590624333 prime?
False
Is 31408733 a composite number?
False
Is 312279259 a prime number?
False
Is 1666481107 prime?
True
Is 73265638 prime?
False
Is 1175612199 a composite number?
True
Is 3220710583 a prime number?
True
Is 25926852355 a composite number?
True
Is 1658896861 a composite number?
False
Is 2953674103 prime?
True
Is 109588063 composite?
True
Is 3901741663 prime?
False
Is 11018626349 prime?
False
Is 9870793169 a composite number?
False
Is 23566126159 prime?
True
Is 1280056493 a composite number?
True
Is 12530223989 a composite number?
False
Is 9476147081 a prime number?
True
Is 344363681 a composite number?
False
Is 61105177669 a prime number?
False
Is 20287832783 composite?
False
Is 42035958311 prime?
False
Is 17163449633 composite?
True
Is 59721505699 prime?
False
Is 35927942059 a prime number?
True
Is 147063317 a composite number?
True
Is 1151614003 composite?
True
Is 3148127729 a composite number?
False
Is 37094437 a composite number?
False
Is 82764005033 a composite number?
True
Is 5764615921 a composite number?
False
Is 1413513097 a composite number?
False
Is 10744171069 a prime number?
False
Is 48500513 a prime number?
False
Is 20078303563 composite?
False
Is 23107740191 composite?
True
Is 35964317297 a prime number?
True
Is 1869487819 prime?
True
Is 485334859 prime?
True
Is 9821662717 prime?
False
Is 92077619 composite?
False
Is 59539506241 prime?
True
Is 7553266121 a composite number?
False
Is 13862723707 composite?
True
Is 473294119 a prime number?
False
Is 60213472913 prime?
False
Is 700296197 a composite number?
False
Is 998449871 composite?
False
Is 24758414677 prime?
True
Is 34979151257 a composite number?
False
Is 766503266 composite?
True
Is 51757186891 a composite number?
False
Is 10341147931 a prime number?
True
Is 1700113207 a composite number?
True
Is 61324660615 a prime number?
False
Is 1571427941 a composite number?
True
Is 279686131 a prime number?
False
Is 11446744769 composite?
True
Is 37367190529 composite?
True
Is 52147235791 composite?
True
Is 5473443407 a composite number?
False
Is 1886459819 a prime number?
True
Is 10234005731 a composite number?
False
Is 5748159023 a prime number?
True
Is 4637873453 a composite number?
False
Is 9246395981 a prime number?
False
Is 10016587927 a composite number?
False
Is 1286432633 a prime number?
True
Is 1192318243 composite?
False
Is 1347783113 prime?
False
Is 3545865907 prime?
True
Is 226547881 prime?
False
Is 3149639553 composite?
True
Is 38505749017 composite?
True
Is 4865001563 a composite number?
False
Is 252881288239 a prime number?
False
Is 1033114007 prime?
True
Is 2674889851 prime?
False
Is 2780335121 composite?
False
Is 3198133769 a prime number?
True
Is 2466155051 composite?
True
Is 1882188787 prime?
True
Is 10493786761 prime?
False
Is 773041207 a composite number?
False
Is 2817102017 a prime number?
True
Is 521490833 composite?
False
Is 172464919141 prime?
False
Is 6791074939 composite?
True
Is 25716175253 composite?
True
Is 1968454546 a composite number?
True
Is 6010302391 a prime number?
True
Is 13809867899 prime?
True
Is 196948231 a composite number?
True
Is 4393246639 a composite number?
False
Is 45043557487 prime?
False
Is 4480883389 a composite number?
False
Is 199126118507 a prime number?
True
Is 2971723591 prime?
False
Is 4300599153 composite?
True
Is 7037233013 a composite number?
True
Is 17533544635 a composite number?
True
Is 884833753 composite?
False
Is 76940776837 a prime number?
True
Is 260969509753 prime?
True
Is 6676726201 a composite number?
False
Is 27752683429 prime?
True
Is 174649062121 a prime number?
True
Is 4193858941 composite?
False
Is 892331863 a composite number?
False
Is 472110671 composite?
False
Is 674445631 a composite number?
False
Is 7712816519 prime?
False
Is 222623759 a prime number?
False
Is 3207987119 composite?
False
Is 52912536049 a composite number?
False
Is 32185659823 prime?
True
Is 56034465469 composite?
False
Is 17729117963 a composite number?
False
Is 1068052367 prime?
False
Is 802159313 prime?
True
Is 170942436949 a prime number?
True
Is 30263189939 composite?
False
Is 503269441 a composite number?
True
Is 3285352001 composite?
True
Is 58099652033 prime?
False
Is 10048710137 a prime number?
True
Is 12917408063 composite?
True
Is 4627586627 composite?
False
Is 12203872529 a composite number?
False
Is 555625327 composite?
False
Is 30719076991 composite?
True
Is 125559538777 composite?
False
Is 3088426214 composite?
True
Is 4523913313 prime?
True
Is 24786259 prime?
False
Is 154687769161 a prime number?
False
Is 6153287759 a composite number?
True
Is 4196471117 a composite number?
True
Is 8943845593 prime?
True
Is 1342942709 a prime number?
False
Is 41329947 a prime number?
False
Is 1788232559 composite?
False
Is 246227 a prime number?
False
Is 14668071251 composite?
False
Is 2706820793 prime?
False
Is 903264581 composite?
False
Is 163362679 a composite number?
False
Is 2924181001 composite?
True
Is 20407496917 a composite number?
False
Is 19658132629 composite?
False
Is 19258179881 prime?
False
Is 3631919273 composite?
False
Is 8264276353 prime?
True
Is 3805648219 a prime number?
False
Is 493492729 a composite number?
True
Is 3734028877 composite?
False
Is 1450364687 composite?
False
Is 22131060415 a prime number?
False
Is 7879539446 a prime number?
False
Is 76504927 composite?
True
Is 1994738717 composite?
False
Is 6130297 a composite number?
True
Is 22027222361 a composite number?
False
Is 14181487469 a prime number?
True
Is 116386679311 a composite number?
True
Is 459447757 prime?
True
Is 15813600349 composite?
True
Is 3689558753 a composite number?
False
Is 278408773 a prime number?
True
Is 31010170181 prime?
True
Is 671218829 prime?
False
Is 898606811 composite?
False
Is 65707857419 a prime number?
False
Is 4123722379 a composite number?
True
Is 703380058 a composite number?
True
Is 14066892407 a composite number?
False
Is 10405190879 prime?
True
Is 2642163281 composite?
False
Is 99176221 composite?
False
Is 1202670605 composite?
True
Is 1845644113 a prime number?
False
Is 18386572663 prime?
False
Is 9181504987 prime?
False
Is 2814543311 composite?
False
Is 7707286723 composite?
True
Is 383361229 prime?
True
Is 36983834689 composite?
False
Is 45604434853 a prime number?
False
Is 19649833871 prime?
True
Is 5458048529 a composite number?
True
Is 8493652247 a prime number?
True
Is 570469741 composite?
False
Is 395694469 a compos